ve c(-13).
-1
Let r(y) = 127*y - 4627. Give r(51).
1850
Let b(g) = -1532866*g - 10730070. Determine b(-7).
-8
Let b(q) = 4427*q**2 + 59*q + 55. What is b(-1)?
4423
Let c(t) = -546482*t + 8743708. What is c(16)?
-4
Let l(v) = -v**3 - 199*v**2 - 988*v - 3325. Determine l(-194).
167
Let u(o) = -3161*o - 85254. Give u(-27).
93
Let z(q) = 105246*q - 2420657. Calculate z(23).
1
Let r(d) = d**3 - 96*d**2 + 1070*d + 149. Calculate r(83).
-598
Let k(y) = -2725*y + 482253. Determine k(177).
-72
Let u(f) = -5062*f + 830169. What is u(164)?
1
Let q(u) = -2*u**2 - 200*u - 2931. Calculate q(-82).
21
Let m(x) = -2114*x - 4598. Give m(-2).
-370
Let m(k) = -k**2 + 231*k - 2847. Determine m(12).
-219
Let a(s) = 3*s**3 + 155*s**2 + 331*s + 73. Determine a(-2).
7
Let f(i) = -i**3 - 64*i**2 - 519*i - 99. Calculate f(-10).
-309
Let j(u) = -18242*u + 291922. Calculate j(16).
50
Let h(g) = -5719*g - 108663. Determine h(-19).
-2
Let t(i) = -i**2 + 214*i + 2567. Determine t(-12).
-145
Let p(g) = 14*g**2 + 509*g - 4695. Determine p(-44).
13
Let h(q) = -q**3 - 29*q**2 - 5*q - 492. Calculate h(-29).
-347
Let g(k) = 52*k + 832. What is g(-53)?
-1924
Let v(k) = 4*k**3 - 251*k**2 + 172*k + 642. Determine v(62).
-226
Let m(l) = -1271*l**2 - 49561*l + 319. Determine m(-39).
7
Let p(t) = 2*t**3 + 36*t**2 + 77*t - 162. Give p(-15).
33
Let l(t) = -20*t**3 + 3037*t**2 - 5540*t - 1497. Determine l(150).
3
Let z(d) = 2*d**3 - 21*d**2 - 597*d - 1220. Give z(24).
4
Let w(v) = v**3 - 75*v**2 + 24*v + 40662. What is w(65)?
-28
Let y(o) = 21228*o - 2993144. Calculate y(141).
4
Let a(h) = 8*h**3 - 188*h**2 + 983*h - 370. What is a(16)?
-2
Let m(w) = -14787*w - 14824. Determine m(-1).
-37
Let m(q) = q**3 + 53*q**2 + 353*q - 8229. Calculate m(-38).
17
Let k(o) = -o**3 + 29*o**2 - 658*o + 5087. Calculate k(8).
1167
Let q(s) = -88458*s + 884488. Calculate q(10).
-92
Let h(v) = -2557*v - 61115. Determine h(-24).
253
Let y(x) = -1038*x + 133946. Give y(129).
44
Let n(i) = -i**3 - 29*i**2 - 1106*i - 30584. Determine n(-28).
-400
Let m(q) = 5*q**3 + 31*q**2 - 2825*q + 5536. Give m(2).
50
Let h(a) = 3189*a + 2572. Calculate h(-1).
-617
Let m(y) = 300*y**2 - 1672*y - 1672. Calculate m(-1).
300
Let s(y) = 3*y**2 - 627*y + 10141. Determine s(192).
349
Let m(j) = -734*j**2 + 2654*j + 26. Determine m(5).
-5054
Let s(q) = q**2 + 239*q + 14325. Give s(-136).
317
Let a(m) = 157*m + 5945. What is a(-38)?
-21
Let t(y) = 714*y + 174942. Determine t(-245).
12
Let c(m) = -m**2 - 3068*m - 45756. Determine c(-15).
39
Let y(p) = 2*p**3 + 219*p**2 + 741*p + 126. Determine y(-106).
232
Let h(z) = 48*z**3 + 529*z**2 + 16*z + 35. What is h(-11)?
-20
Let i(m) = 10*m**2 - 735*m + 194. Calculate i(73).
-171
Let a(z) = -245*z + 937. Calculate a(8).
-1023
Let q(u) = 819*u - 12084. Determine q(15).
201
Let g(r) = 1149*r - 1279. Calculate g(1).
-130
Let t(q) = 3*q**2 - 316*q - 5412. Calculate t(-15).
3
Let u(g) = -3*g**3 - 1046*g**2 + 365*g + 5466. What is u(-349)?
-118
Let l(r) = -r**2 + 441*r + 95233. Give l(-159).
-167
Let i(r) = r**3 - 35*r**2 + 251*r - 2050. Determine i(29).
183
Let k(u) = 589*u**2 + 39465*u + 79. Determine k(-67).
-55
Let y(h) = -6227*h + 25338. Give y(4).
430
Let b(o) = -20*o**3 + 135*o**2 - 270*o - 10. Calculate b(2).
-170
Let a(j) = 4423*j - 48349. Give a(11).
304
Let z(w) = 5*w**2 - 1209*w + 49890. What is z(189)?
-6
Let s(r) = -r**3 - 32890*r - 164578. What is s(-5)?
-3
Let b(l) = -3*l**2 - 331242*l - 662484. Calculate b(-2).
-12
Let w(d) = -d**3 - 115*d**2 - 2132*d - 376. Calculate w(-23).
-8
Let g(b) = 20770*b**2 + 41547*b + 9. Give g(-2).
-5
Let k(p) = -73*p**3 + 10*p**2 + 18*p - 39. Determine k(2).
-547
Let q(i) = 6*i**2 - 489*i + 289. What is q(79)?
-896
Let f(u) = 4*u**3 - 248*u**2 + 325*u - 75. What is f(1)?
6
Let n(c) = -15*c**2 + 78*c + 1950. Determine n(-10).
-330
Let b(r) = -5166*r + 387447. Determine b(75).
-3
Let f(k) = 2*k**3 + 230*k**2 - 10*k + 928. Determine f(-115).
2078
Let k(g) = -g**3 - 216*g**2 + 29545*g - 21. Calculate k(-311).
-21
Let g(n) = 36*n**2 - 1878*n - 201. What is g(52)?
-513
Let p(v) = 200917*v - 22703623. What is p(113)?
-2
Let x(b) = -2*b**2 - 90*b + 1976. Give x(-58).
468
Let u(f) = -f**3 + 4*f**2 - 112*f - 76. What is u(0)?
-76
Let j(b) = 2433*b + 16999. Give j(-7).
-32
Let h(a) = -34*a**2 + 1426*a + 61. Calculate h(42).
-23
Let k(d) = 4127*d - 19167. What is k(4)?
-2659
Let j(g) = -1054*g + 9517. Determine j(9).
31
Let i(k) = 1642*k + 6368. Determine i(-3).
1442
Let n(k) = 95*k + 2815. What is n(-26)?
345
Let f(r) = -88*r**2 - 600*r + 53. Determine f(-7).
-59
Let v(x) = 3*x**3 + 18*x**2 - 25*x - 168. Calculate v(-5).
32
Let j(m) = 2400*m + 175211. Determine j(-73).
11
Let l(r) = 2*r**3 - 216*r**2 - 545*r + 58876. Determine l(108).
16
Let r(i) = -i**3 + 207*i**2 + 56111*i - 395. Calculate r(362).
-33
Let c(m) = 3*m**2 + 264*m + 5128. Give c(-29).
-5
Let d(m) = 287*m + 2831. Give d(-9).
248
Let s(g) = -1403*g - 16474. Determine s(-11).
-1041
Let j(o) = -o**3 - 155*o**2 + 49*o - 18407. Give j(-156).
-1715
Let r(t) = -11051*t - 1558122. Calculate r(-141).
69
Let v(m) = -104*m + 845. Determine v(13).
-507
Let d(x) = -x**3 + 66*x**2 - 94*x + 602. Calculate d(65).
-1283
Let m(l) = -21*l**2 - 240*l + 2705. What is m(7)?
-4
Let o(n) = 485*n - 13789. Give o(27).
-694
Let c(i) = -42490*i + 1784525. Give c(42).
-55
Let h(a) = -998*a - 354273. Calculate h(-355).
17
Let g(m) = 5*m**2 - 546*m - 334. Calculate g(110).
106
Let p(d) = -10*d**2 + 569*d + 2475. Determine p(-4).
39
Let k(x) = -30*x + 786. What is k(-10)?
1086
Let l(z) = z**2 + 255995*z + 14076714. Determine l(-55).
14
Let y(u) = -u**3 - 92*u**2 + 317*u + 2964. Give y(-95).
-76
Let c(m) = -m**3 - 11*m**2 + 1311*m + 9330. Calculate c(-7).
-43
Let m(x) = 38*x**3 - 341*x**2 + 2060*x - 18493. Determine m(9).
128
Let b(g) = -2*g**2 + 6332*g + 89020. Calculate b(-14).
-20
Let s(t) = t**3 + 100*t**2 + 88*t - 1094. Determine s(-99).
-5
Let f(p) = 14806*p - 355355. Calculate f(24).
-11
Let h(n) = -3*n**2 + 16*n + 257. Determine h(-14).
-555
Let r(s) = 114*s + 25416. Calculate r(-223).
-6
Let a(x) = -47*x**2 - 119*x + 26. Give a(-4).
-250
Let v(n) = -5*n**3 + 148*n**2 + 3*n - 2482. What is v(29)?
128
Let g(j) = -2*j**3 - 53*j**2 + 56*j + 57. What is g(0)?
57
Let j(w) = -2*w**2 + 22*w + 12337. Calculate j(-73).
73
Let o(q) = -9*q**2 + 838*q - 7110. Calculate o(81).
1719
Let v(s) = -38*s**2 - 26*s - 39. What is v(3)?
-459
Let b(d) = 2802*d + 372658. Give b(-133).
-8
Let h(s) = -7*s**2 + 714*s - 18230. Give h(52).
-30
Let h(s) = -s**3 + 129*s**2 + 670*s - 31. Determine h(-5).
-31
Let x(t) = -328*t**2 + 3910*t + 24. What is x(12)?
-288
Let g(y) = -y**3 + 6*y**2 + 32*y - 8. Calculate g(0).
-8
Let z(v) = 17*v**2 - 54*v - 68. Calculate z(5).
87
Let d(n) = 2*n**3 - 185*n**2 - 2020*n + 61. Determine d(-10).
-239
Let l(c) = 3685*c - 84845. Calculate l(23).
-90
Let f(s) = 11*s**3 + 35*s**2 - 239*s - 1619. Determine f(-7).
-2004
Let d(l) = -107*l**2 - 136*l - 25. Determine d(-4).
-1193
Let q(h) = 706*h**2 - 3482*h + 223. Calculate q(5).
463
Let w(p) = 25*p**3 + 141*p**2 - 26*p + 107. What is w(-6)?
-61
Let i(f) = 24*f + 1621. What is i(-23)?
1069
Let k(b) = -b**3 - 135*b**2 + 1407*b + 206493. What is k(-134)?
-1
Let f(l) = -2*l**2 - 338*l - 13384. Determine f(-66).
212
Let l(v) = 1606*v + 22538. Give l(-14).
54
Let o(w) = -9*w**3 + 42*w**2 - 1491*w + 7533. What is o(5)?
3
Let c(m) = 5*m**2 - 835*m - 5079. Calculate c(-6).
111
Let k(r) = -r**2 - 154*r - 2273. What is k(-23)?
740
Let a(k) = 4*k**3 - 8*k**2 - 22*k + 18. Determine a(-5).
-572
Let o(k) = -1494*k + 151480. Determine o(102).
-908
Let d(a) = a**3 + 17*a**2 - 68*a - 150. What is d(-21)?
-486
Let b(w) = -28*w**2 + 3541*w + 14145. Determine b(-4).
-467
Let y(t) = 93*t**2 - 1469*t - 313. Determine y(16).
-9
Let y(v) = 61*v**3 + 2*v**2 - v - 4. Calculate y(-1).
-62
Let z(t) = -3446*t + 206761. Calculate z(60).
1
Let m(k) = k**2 + 18376*k - 2052050. Calculate m(111).
7
Let c(k) = 158*k + 8780. Calculate c(-54).
248
Let v(j) = -6997*j - 56035. Give v(-8).
-59
Let u(s) = -s**2 + 4840*s + 72835. Calculate u(-15).
10
Let m(h) = 2*h**2 - 4*h - 260. Calculate m(15).
130
Let t(v) = 7*v**3 - 110*v**2 - 1040*v + 16750. What is t(15)?
25
Let n(j) = j**2 - 2378*j - 507262. Give n(-197).
1